a).
6
Suppose 0 = 4*g + 4*u - 4, -3*u - 1 = 5*g. Let c(o) = -6*o + 4. Let k(i) = -2*i + 1. Let w(j) = g*c(j) + 7*k(j). Let s = -45 + 42. Give w(s).
5
Let f(k) = k**2 + 4*k - 2. Let s be 45/(-105) - 50/14. What is f(s)?
-2
Let o(b) = 7*b - 4. Suppose -2*s = n - 1, -3*s = -n - n + 9. Let t(v) = -v. Let u(p) = s*o(p) - 5*t(p). Give u(6).
-8
Suppose -o - 56 = 3*o. Let x = o + 14. Let h(k) = -k**3 + 6. Calculate h(x).
6
Let i(n) = n**2 + 2*n. Let f(b) = 5*b**2 + 16*b - 6. Let s(r) = -f(r) + 6*i(r). What is s(4)?
6
Let n(q) be the first derivative of -q**3/3 - q**2/2 + q - 7. Calculate n(2).
-5
Suppose 5*i + b + 4*b = 490, 3*i - 294 = 5*b. Suppose -2*g - 90 = 5*u + 3*g, 3*g + i = -5*u. Let r be 4/24 + u/(-12). Let x(y) = y**2 - 2*y - 2. What is x(r)?
-2
Let n(t) be the third derivative of t**5/60 - t**4/6 + 2*t**3/3 - 10*t**2. Calculate n(3).
1
Let t(o) be the first derivative of o**4/4 - o**3 - 2*o**2 + 5*o - 1. Suppose 8*a - 24 = 8. Determine t(a).
5
Let l(s) = 20*s**3 + 4*s**2 - 2*s - 21. Let j(a) = -7*a**3 - a**2 + a + 7. Let v(h) = -17*j(h) - 6*l(h). Calculate v(-5).
-18
Suppose 10 = -p + 6*p. Let x(l) = -4*l + 2. Give x(p).
-6
Suppose -y + 5*y = -2*l - 28, 5*y = 4*l - 22. Let w(t) be the third derivative of -t**4/24 - 4*t**3/3 + t**2. Calculate w(y).
-2
Let a(q) = -7*q**3 - 2*q**2 - 2*q - 1. Let n(g) = g**2 - 14*g + 12. Let z be n(13). What is a(z)?
6
Let g(c) = 3*c**2 - 6. Let y(s) = -10*s**2 + s + 19. Let j(k) = -7*g(k) - 2*y(k). Let n(q) = -q**2 + 3*q + 13. Let r be n(-3). Calculate j(r).
-11
Let t(l) = 2*l**3 - 10*l**2 + 9*l - 1. Let r(x) = -x**3 + 5*x**2 - 4*x. Let d(u) = 5*r(u) + 2*t(u). What is d(4)?
6
Let t(j) = -j - 9. Let p be (36/(-8))/(3/4). Give t(p).
-3
Suppose t + 5 = -1. Let o(h) = h**3 + 5*h**2 - 7*h - 3. Give o(t).
3
Let x(g) = g**3 - 5*g**2 - 1. Let n = 15 - 10. Let d be x(n). Let r(k) = 2*k**3 - k. Determine r(d).
-1
Let u(z) = -2*z**3 + 21*z**2 - 7*z + 14. Let m(d) = 3*d**3 - 32*d**2 + 11*d - 21. Let o(f) = 5*m(f) + 8*u(f). Give o(8).
-1
Let c(y) = y**3 + 4*y**2 - 6*y + 1. Let l(z) = -6*z**2 - 2*z + 3. Let s be l(1). Give c(s).
6
Suppose 5*w = 19 + 6. Let k(s) = -3*s + 6*s**2 + 3*s + s**3 + 3*s - w. Suppose 5*d + 4*i = -17, -4*d - 6 - 8 = 3*i. What is k(d)?
5
Let y(z) = 1 + 2*z - 4*z + 4*z. Let m be (-43)/9 + 11/(-9) + 1. Give y(m).
-9
Let w = 46 - 45. Let n(l) = 3*l**2 + 2*l - 1. Determine n(w).
4
Let x(s) = 2*s**2. Suppose -24 = 6*y - 3*y. Let a be 9/2 + (-4)/y. Suppose 0 = 2*m - 7 + a. Calculate x(m).
2
Let j(y) be the first derivative of -y**3/3 + 13*y**2/2 - 9*y - 19. What is j(12)?
3
Let u(s) = -s**2 - 10*s - 3. Suppose 0*m + m + 31 = -3*z, 0 = 2*m + 8. Calculate u(z).
6
Let v(a) = -5*a + 4. Let z(o) = -4*o + 3. Let f(b) = -5*v(b) + 6*z(b). What is f(3)?
1
Suppose -5*j + 25 = o, -2*o - 3*j = -j - 18. Let f(y) = -y**3 + 6*y**2 - 7*y + 2. Determine f(o).
-8
Let b(s) = -3*s**2 - 5*s - 8. Let j(y) = -16*y**2 - 24*y - 41. Let f(g) = 11*b(g) - 2*j(g). Determine f(-5).
4
Let g(a) = 3 + 5*a**2 - a**3 - 4*a**2 + 2*a + 2*a**2. Let p(f) = f**3 + 3*f**2 + 2*f - 2. Let l be p(1). Determine g(l).
-5
Let j(v) = 3*v**2 - 2*v + 6. Let o(a) = a**2 - a. Let u(z) = j(z) - 2*o(z). Let h = 0 + 0. Determine u(h).
6
Let a be (((-4)/(-2))/2)/1. Let c(q) be the first derivative of -q**4 - 13. Determine c(a).
-4
Let f(j) be the third derivative of j**5/60 + 7*j**4/24 + j**3/2 - 3*j**2. Determine f(-5).
-7
Let s(r) = -1 - r + 6 + 15 - 6. What is s(0)?
14
Let b(k) = k + 3. Let f be 1 + -3 - 0/1. Let j be f/(-3) - (-8)/6. Suppose -5*a + 4*a + 17 = -5*z, -3*a - 17 = j*z. Give b(a).
0
Let l be ((-2)/3)/((-1)/(-6)). Let k(i) be the first derivative of -i**3/3 - i**2 + 4*i + 1. Determine k(l).
-4
Let d(y) = -10*y - 2. Suppose -3*l - 8 = l. Calculate d(l).
18
Let t(k) = -5*k**2 - 2*k - 6. Let y(v) = -9*v**2 - 3*v - 12. Let f(h) = 11*t(h) - 6*y(h). Give f(-6).
-6
Let x = 1 + 14. Suppose -a + i = 6*i - 28, 3*i = x. Let y(g) = -1 + a*g + 2 - 2. Calculate y(-1).
-4
Let s(a) = 0*a**3 - 24*a**2 + 2*a**3 + 25*a**2. Suppose -1 + 5 = -4*l. Give s(l).
-1
Let i(s) = s**2 - 1. Let m(n) = 7*n**2 + 2*n - 5. Let j(f) = 6*i(f) - m(f). Give j(-1).
0
Let b(r) = -r**3 + 6*r**2 - 5*r + 1. Let d(p) = -p - 3. Let s be d(-13). Suppose -3*v + 6 = 0, 4*t - v = 4*v + s. Determine b(t).
1
Let a(t) be the second derivative of t**6/120 + t**5/12 - 5*t**3/6 - 5*t**2/2 + 6*t. Let b(v) be the first derivative of a(v). What is b(-5)?
-5
Let k(i) = -i**3 + 4*i**2 + 4*i. Let r(c) = -c**3 - c**2 - c. Suppose u + 2*u - 9 = 0, 3*n - 2*u + 12 = 0. Let j(m) = n*r(m) + k(m). What is j(-5)?
-5
Suppose 0 = 4*q - 3*q - 25. Suppose -h = -6*h + q. Let s(p) = -p**3 + 5*p**2 - 2*p + 6. Give s(h).
-4
Let h = 1 - 2. Let k(t) = -t**3 - 6*t**2 - 2*t - 7. Let u be k(-6). Let g(p) = 6*p**2 - 3*p**2 - u + 4. Give g(h).
2
Let f be 4 + (1 - 3) - 1. Let m = -4 + f. Let o(j) = -j**3 - 4*j**2 - 2*j + 4. Calculate o(m).
1
Let x(z) = -2*z - 1. Let g be x(-2). Let y(i) be the third derivative of -i**5/60 + i**4/8 + 3*i**2. What is y(g)?
0
Let x be (-3 + (-21)/(-6))*-10. Let h(b) = b**2 - 1. Let m(w) = -5*w**2 - 5*w - 1. Let p(n) = -4*h(n) - m(n). What is p(x)?
5
Suppose 0 = 3*w - 4*a + 14, -2*w - 3*a = -4*a + 1. Let o(u) = -2 - 4*u - u + u**2 - w*u + 3*u. Determine o(3).
-5
Let g(a) be the third derivative of -a**6/120 + a**5/15 + a**4/24 + 19*a**2. Calculate g(4).
4
Suppose 5*d - 4*w = 30, 0*d = -2*d - 5*w - 21. Let c(v) = 3*v**3 - 3 + v - 4*v**3 - v**2 + d*v. Calculate c(2).
-9
Suppose 4*x = -4*x + 8. Let t(i) be the first derivative of -3*i**4/2 - 2. Determine t(x).
-6
Let m be 7 - (4 - (1 - -2)). Let t(o) be the third derivative of o**6/120 - o**5/12 - o**4/6 - 4*o**3/3 + o**2. Calculate t(m).
4
Let a = -12 - -12. Let c(n) be the third derivative of 0 + 1/24*n**4 - 1/3*n**3 - 1/60*n**5 - n**2 + a*n. What is c(2)?
-4
Let x(a) = a**3 - 5*a**2 + 5*a - 3. Let b = 11 - 7. Determine x(b).
1
Let m(r) = r**3 - 5*r**2 - 8*r - 2. Let a(d) = -3*d - 36. Let h be a(-14). Give m(h).
-14
Suppose 5*w - 13 = -3. Let b(f) = 0*f**2 + f**3 - 3*f - 5*f**w - 4*f. Let u = 21 + -15. What is b(u)?
-6
Suppose -l - 3 + 5 = 0. Let g be (l - (0 + -2))*4. Suppose -8 = -2*k - g. Let m(d) = -2*d + 2. Determine m(k).
10
Let q(h) be the second derivative of -h**4/12 - h**3/3 + h**2/2 + 9*h. Suppose -3*c - 8 = c. Determine q(c).
1
Let s(l) = -4*l + 1. Suppose i + 4 = 0, -y + i - 9 = -i. Let z = -18 - y. What is s(z)?
5
Suppose 4*y = 2*y + 12. Let o = y + -10. Let g(l) = -l**2 - l + 1. Let d(b) = b**2 - 2*b - 4. Let a(p) = d(p) + 2*g(p). Give a(o).
-2
Let s(p) = -p**2 - 5*p + 7. Suppose 0 = -2*b + 6*b - 8. Suppose 3*x = 2*f + 11, -x = b*x - 3. Let o = f + -1. Give s(o).
7
Suppose -t + 17 = -s - 2*s, 3*t = 2*s + 9. Let m be 10 - 9 - s/2. Let a(y) = -y + 2. Determine a(m).
-2
Let u(h) = -h. Let q(c) = 2*c + 1. Let l(k) = -q(k) - u(k). Suppose 0 = -3*g - 3*d + 9, -g - 33 = -6*g + 4*d. What is l(g)?
-6
Let o(y) be the first derivative of y**3/3 + 2*y**2 - 7*y + 1. Let a(u) = 2*u + 20 - 11 - 6. Let t be a(-4). Determine o(t).
-2
Let v(c) = 0 + 0 - 2 + 1. Let p(j) = -11*j**2 - j - 3. Let y(w) = -p(w) + 4*v(w). Determine y(1).
11
Let d = -3 - -5. Let l(q) = -2 + q**d + 2*q**2 - 2*q**2 + q. Let a(w) = w**2 + w. Let i be a(0). What is l(i)?
-2
Suppose -3*d - 5 = 5*s, 5 = 5*d - 4*s - 36. Suppose -d = l - u - 0*u, l + 3*u = 7. Let n(h) = 2*h**3 + 2*h**2 + 2. Give n(l).
-6
Suppose 2*b - 2 = -5*o + 4, 3*o - 5*b = -15. Let n(h) = h**2 - h. Calculate n(o).
0
Let l(v) = -11 - 4 + v + 21. What is l(0)?
6
Let l(q) be the second derivative of q**4/12 - q**3 - 3*q**2 - 33*q. Let r be (12/(-10))/((-1)/5). Determine l(r).
-6
Let d(q) = -20*q - 6. Let r(g) = 13*g + 4. Let s(j) = -5*d(j) - 8*r(j). Give s(-5).
18
Let c(g) = 2*g**3 + 4*g**2 + 3*g + 7. Let d(l) = -l**3 - 3*l**2 - 2*l - 7. Let u(n) = -2*c(n) - 3*d(n). What is u(0)?
7
Let z(d) be the second derivative of 0*d**4 + d**2 + 1/30*d**5 + 0 - 1/6*d**3 - 2*d. Let k(m) be the first derivative of z(m). What is k(-1)?
1
Let p(l) = 24 + 33 - 63 - l. Calculate p(-6).
0
Let n = 21 - 16. Let b(c) = 4*c - 4. Calculate b(n).
16
Let y(u) = 7*u + 6*u - 16*u - u**2 - 1. Give y(-3).
-1
Let d(t) = 3*t + 7. Suppose 5*p + 3*v + 20 = 0, -24 - 29 = 4*p - 5*v. What is d(p)?
-14
Suppose 0*g = -2*g. Let i(v) = 3*v - 5*v + v + 3 +